 + 20*z - 131. Give h(5).
-306
Let n(r) = 872*r + 871. Calculate n(-1).
-1
Let x(b) = -4*b**2 - 155*b - 1495. What is x(-17)?
-16
Let y(t) = t**3 + 30*t**2 - 32*t - 29. Calculate y(-31).
2
Let q(u) = u**3 + 5*u**2 - 6*u - 19. Determine q(-6).
-19
Let w(z) = -z**3 - 10*z**2 - 10*z + 9. Determine w(-7).
-68
Let k(l) = l**3 + 18*l**2 - 3*l - 29. What is k(-18)?
25
Let z(t) = -286*t + 1117. Determine z(4).
-27
Let z(b) = 6*b + 449. Give z(-38).
221
Let o(l) = 3757*l + 30055. What is o(-8)?
-1
Let w(l) = -1052*l - 8433. Determine w(-8).
-17
Let j(m) = -m**2 + 47*m - 216. Determine j(5).
-6
Let y(r) = -r**3 - 121*r**2 - 467*r + 7. Give y(-4).
3
Let k(u) = -u**3 + 9*u**2 - 5*u + 15. Give k(8).
39
Let n(j) = -26*j - 1642. What is n(-49)?
-368
Let w(a) = a**3 - 13*a**2 - 15*a - 9. Give w(13).
-204
Let b(o) = o**3 - 6*o**2 + 27*o - 96. Calculate b(4).
-20
Let h(z) = -34*z + 1257. Give h(43).
-205
Let b(n) = n**3 + 18*n**2 + 31*n - 38. What is b(-16)?
-22
Let x(c) = -2*c**3 + 9*c**2 - 12*c - 3. What is x(5)?
-88
Let t(v) = -7*v + 59. What is t(0)?
59
Let p(x) = 4*x**2 - 9*x - 238. What is p(-12)?
446
Let l(h) = 806*h - 4804. Calculate l(6).
32
Let u(a) = a**3 - 22*a**2 + 31*a + 156. Determine u(20).
-24
Let h(u) = 1090*u + 11998. What is h(-11)?
8
Let k(r) = -r**3 - 38*r**2 - 276*r + 1591. Determine k(-23).
4
Let a(h) = -22*h - 236. What is a(-14)?
72
Let c(a) = -8*a**2 + 501*a + 224. Calculate c(63).
35
Let a(v) = -8*v - 117. Determine a(15).
-237
Let o(u) = -10*u**2 + 2381*u + 2160. Give o(239).
9
Let z(l) = -3*l**2 - 184*l - 60. Determine z(-61).
1
Let l(a) = 5*a**2 - 8*a + 28. Calculate l(-7).
329
Let s(p) = 3*p**2 - 113*p + 1044. Give s(14).
50
Let l(u) = -1129*u - 2427. Give l(-2).
-169
Let l(o) = o**3 + 6*o**2 + 5*o + 23. Determine l(-5).
23
Let n(a) = -5*a**3 - 59*a**2 + 14*a + 12. What is n(-12)?
-12
Let i(t) = -t**3 - t**2 + 8*t. What is i(-7)?
238
Let y(v) = v**3 + 20*v**2 - 153*v - 699. Determine y(-25).
1
Let z(c) = c**2 - 14*c - 9. What is z(13)?
-22
Let w(q) = -3*q**2 + 320*q + 458. Give w(108).
26
Let c(t) = t**3 + 25*t**2 + 27*t + 29. What is c(-24)?
-43
Let i(q) = 186*q**3 + 3*q**2 - 15. What is i(0)?
-15
Let w(y) = 60*y**2 - 41*y - 42. Calculate w(-1).
59
Let k(n) = 10*n - 16. What is k(4)?
24
Let q(z) = -21*z**2 + 5*z + 1. Determine q(1).
-15
Let c(h) = 2*h**2 - 11*h - 119. Calculate c(-6).
19
Let r(n) = 2*n**2 + 117*n - 174. Determine r(-60).
6
Let l(y) = y**3 - 12*y**2 + y + 58. Determine l(12).
70
Let t(x) = -4*x**3 - 2*x**2 - 5*x + 8. Calculate t(1).
-3
Let t(y) = 1422*y + 25597. Determine t(-18).
1
Let y(o) = -o**2 - 280*o - 18294. What is y(-104)?
10
Let v(t) = -4*t**2 - 19*t - 6. Give v(-2).
16
Let z(y) = y**2 + 2*y - 10. Calculate z(8).
70
Let y(l) = 2*l**3 - 9*l**2 + 12*l - 2. What is y(3)?
7
Let p(a) = -3*a**2 - 65*a - 410. What is p(-6)?
-128
Let a(z) = -64*z + 369. Determine a(6).
-15
Let u(b) = 10*b**2 + 69*b + 3. Give u(-8).
91
Let a(d) = d**2 - 57*d + 342. Calculate a(55).
232
Let m(d) = -2*d**2 + 737*d - 43362. Give m(295).
3
Let n(b) = b**2 - 3500*b - 24551. What is n(-7)?
-2
Let j(f) = 6*f**2 - 9*f - 404. Calculate j(11).
223
Let j(u) = -3*u**3 - 22*u**2 - 2*u - 2. Determine j(-7).
-37
Let w(u) = -u**2 + 6*u + 2. What is w(6)?
2
Let q(j) = j**2 - 15*j + 66. Give q(6).
12
Let y(l) = l**2 - 9*l - 168. What is y(18)?
-6
Let i(o) = o**3 + 52*o**2 + 100*o - 25. Give i(-50).
-25
Let h(y) = y**3 + 31*y**2 - 31*y + 22. Determine h(-32).
-10
Let j(n) = 2*n**3 - 4*n - 20. Determine j(-4).
-132
Let o(y) = y**3 + 37*y**2 - 16*y - 90. Give o(-37).
502
Let y(t) = t**3 + 4*t**2 - 8*t + 36. What is y(0)?
36
Let p(o) = -2*o**3 - 66*o**2 - 529*o + 56. Give p(-19).
-1
Let u(f) = 185*f**2 + 450*f - 451. Calculate u(1).
184
Let k(i) = -37*i + 217. Give k(13).
-264
Let c(f) = -415*f - 70147. What is c(-169)?
-12
Let l(a) = -4*a**2 - 383*a - 293. Calculate l(-95).
-8
Let h(n) = -n**3 - 12*n**2 - 12*n + 111. What is h(-10)?
31
Let b(t) = t**3 + 30*t**2 + 179*t + 93. What is b(-22)?
27
Let q(d) = -d**2 + 23*d - 108. What is q(5)?
-18
Let h(q) = -498*q + 10952. Calculate h(22).
-4
Let d(g) = -177*g + 31148. Calculate d(176).
-4
Let x(c) = -c**2 - 112*c + 2443. Calculate x(21).
-350
Let v(a) = 48*a + 556. Give v(-11).
28
Let h(r) = -r**3 + 11*r**2 - 57*r + 351. Determine h(9).
0
Let g(s) = -22*s - 1348. Calculate g(-59).
-50
Let x(z) = 80*z**2 + 6*z + 34. Calculate x(-2).
342
Let b(w) = w**3 + 72*w**2 + 668*w - 175. Calculate b(-61).
8
Let o(f) = f**3 + 31*f**2 - 19*f + 342. Determine o(-32).
-74
Let i(y) = -56*y - 68. Give i(-3).
100
Let n(w) = -77*w**2 + 8475*w - 538. Calculate n(110).
12
Let m(u) = 3*u**3 - u**2 - 5*u - 115. Give m(0).
-115
Let n(d) = d**3 + 22*d**2 + 56*d + 30. Determine n(-19).
49
Let f(c) = 5*c**2 + 120*c - 14. What is f(-24)?
-14
Let b(d) = 180*d - 433. Determine b(5).
467
Let t(m) = 6*m**2 + 14*m + 24. Give t(-4).
64
Let o(r) = -r - 117. Calculate o(-26).
-91
Let m(s) = -13*s**2 + 66*s - 10. What is m(5)?
-5
Let y(a) = 2*a**2 - 16*a - 42. Give y(15).
168
Let v(c) = 125*c**3 - 5*c**2 + c + 5. Calculate v(-1).
-126
Let z(w) = 42*w + 3235. Calculate z(-77).
1
Let z(d) = -d**2 - 61*d - 733. Give z(-52).
-265
Let h(w) = -26*w + 461. Give h(18).
-7
Let h(f) = -f**3 - 4*f**2 + 52*f + 24. What is h(-9)?
-39
Let g(w) = 6*w**2 - 692*w - 1387. Determine g(-2).
21
Let o(q) = 2*q**3 + 102*q**2 - 13*q - 669. Give o(-51).
-6
Let d(w) = 8*w**3 + 5*w**2 + 7*w - 6. What is d(-3)?
-198
Let d(b) = -b**2 + 56*b + 1242. Calculate d(-17).
1
Let j(y) = -74*y**3 + 149*y**2 + 40*y - 83. Calculate j(2).
1
Let c(u) = u**2 - 32*u + 163. Determine c(20).
-77
Let p(j) = -14*j**3 - 3*j**2 + 212*j + 623. Calculate p(-3).
338
Let t(b) = b**3 - 189*b**2 - 1190*b + 3889. Determine t(195).
-11
Let l(w) = 3*w**3 - w**2 + 24*w - 64. Give l(4).
208
Let f(g) = 6*g**2 + 132*g - 1221. What is f(7)?
-3
Let i(y) = -31*y + 711. Give i(18).
153
Let a(d) = -2*d**3 + 4*d**2 - 9*d + 14. Give a(2).
-4
Let q(r) = 19*r**3 - 17*r**2 - 8*r + 6. Give q(1).
0
Let s(d) = -2*d**2 - 424*d - 20909. Calculate s(-78).
-5
Let c(p) = 2*p**3 + 4*p**2 + 5*p + 18. Determine c(-3).
-15
Let q(m) = -29*m + 1349. Determine q(46).
15
Let w(a) = 2*a**2 - 300*a - 82063. Give w(291).
-1
Let u(n) = 3*n**2 - 20*n - 80. Determine u(9).
-17
Let k(o) = -272*o - 7102. What is k(-26)?
-30
Let c(p) = p**3 - 9*p**2 + 25*p - 246. What is c(9)?
-21
Let s(r) = r**3 - 2*r**2 + 27*r + 59. Calculate s(-3).
-67
Let q(s) = -389*s**3 + 10*s**2 + 6*s. Determine q(-1).
393
Let x(g) = -2*g**3 + 48*g - 24. Determine x(7).
-374
Let k(j) = -j**3 - 85*j**2 + 77*j - 765. What is k(-86)?
9
Let i(p) = -354*p - 4978. Determine i(-14).
-22
Let m(a) = 50*a**2 - 93*a + 166. Give m(2).
180
Let x(t) = -t**3 - 94*t**2 - 1431*t - 108. Calculate x(-19).
6
Let k(i) = -i**2 - 86*i + 6079. Calculate k(46).
7
Let v(d) = d**2 + 292*d + 5450. Determine v(-20).
10
Let a(q) = q**3 + 6*q**2 - 5*q - 18. Determine a(-5).
32
Let h(r) = -488*r - 26356. Determine h(-54).
-4
Let k(z) = -630*z + 3061. Give k(5).
-89
Let p(l) = 6*l**3 - 2*l**2 - 365*l + 1106. Determine p(3).
155
Let v(z) = 6113*z - 24455. Give v(4).
-3
Let v(y) = -8*y**3 + 129*y**2 - y + 30. Give v(16).
270
Let z(x) = x**3 - 18*x**2 - 207*x + 5. Give z(-8).
-3
Let t(f) = 10*f**3 + 13*f**2 + 26*f + 10. Give t(-2).
-70
Let s(q) = 2*q**2 + 75*q + 382. Determine s(-5).
57
Let y(i) = 21434*i - 214350. What is y(10)?
-10
Let u(k) = 12*k - 367. Determine u(35).
53
Let d(o) = 2*o**3 + 66*o**2 - 10*o - 301. What is d(-33)?
29
Let i(t) = -15*t + 518. Calculate i(51).
-247
Let g(z) = -1464*z + 55638. What is g(38)?
6
Let z(s) = -5*s - 108. Calculate z(-37).
77
Let l(c) = -512*c - 7173. Determine l(-14).
-5
Let t(r) = -47*r**2 + 85*r + 1. Determine t(3).
-167
Let j(f) = -445*f + 30724. Determine j(69).
19
Let h(n) = -15*n**2 - 9*n - 19. What is h(-5)?
-349
Let s(m) = m**3 + 15*m**2 - 4*m - 62. What is s(-15)?
-2
Let j(b) = b**3 - 23*b**2 + 11*b - 61. What is j(22)?
-303
Let q(a) = -15*a**2 + 138*a + 24. Determine q(0).
24
Let a(k) = 1593*k + 212. Give a(0).
212
Let h(m) = 13*m**2 - 68*m - 42. Determine h(6).
18
Let y(d) = 269*d - 1880. What is y(6)?
-266
Let l(t) = 180*t - 332. Determine l(2).
28
Let r(f) = f**3 + 280*f**2 + 3206*f - 2681. Determine r(-268).
-1
Let p(n) = 15*n**2 - 118*